hat is 76ce - -17?
76e5
In base 2, what is 111100010101100 + 10011100101000?
1001111111010100
In base 6, what is -1053020144 + -10?
-1053020154
In base 14, what is 8b + 18dc6?
19073
In base 13, what is 5c8a + -819?
5471
In base 3, what is -102221120 - 2010011202?
-2120010022
In base 14, what is -27d315 - -447?
-27ccac
In base 5, what is 12 - -24034240?
24034302
In base 6, what is -141 - 252503123?
-252503304
In base 13, what is 1b22 + -1808?
317
In base 11, what is -992 - 112700?
-113592
In base 4, what is 321030 - -201021010?
202002100
In base 7, what is -3165035656 + -3?
-3165035662
In base 16, what is 2c35b - 29?
2c332
In base 16, what is 40744 - 9b?
406a9
In base 15, what is 5 - -87078a4?
87078a9
In base 2, what is 1101 - -10100001100110111100001?
10100001100110111101110
In base 16, what is 1473d - 14?
14729
In base 6, what is 0 - 1342315133?
-1342315133
In base 6, what is -4 - -24250053?
24250045
In base 8, what is 1 + 512444311?
512444312
In base 13, what is 2 - 82016b0?
-82016ab
In base 6, what is 1411044 - 45132?
1321512
In base 7, what is -21236 - -40305?
16036
In base 3, what is 22101211110222 - 2?
22101211110220
In base 11, what is 1460 - -766?
2116
In base 11, what is 10a695014 - -8?
10a695021
In base 5, what is 0 - 43301433343?
-43301433343
In base 3, what is 111001212100002121 + -2?
111001212100002112
In base 10, what is -61773 - 2092?
-63865
In base 16, what is 17d - 13191?
-13014
In base 16, what is 3 - -43702d?
437030
In base 12, what is 92b97 + -109?
92a8a
In base 14, what is 12a - -aa38?
ab64
In base 12, what is -37 + 2177516?
217749b
In base 3, what is -201020 + 1202202100112?
1202201122022
In base 5, what is 33242444 + -2004?
33240440
In base 2, what is -101010110 - 1001011001011110000010?
-1001011001100011011000
In base 7, what is -15116565226 - 5?
-15116565234
In base 3, what is 202101010 + 11000010?
220101020
In base 15, what is 27ac + -501?
22ab
In base 10, what is -3 + 923842?
923839
In base 14, what is 348c58 + 269?
3490c3
In base 5, what is -43 - 22034140?
-22034233
In base 9, what is -38042426 - 1?
-38042427
In base 3, what is -1202 - 1010011121120?
-1010011200022
In base 3, what is 122202011 + -112120222?
10011012
In base 10, what is 7257355 - -5?
7257360
In base 16, what is eb9 + -30b?
bae
In base 10, what is 68 - -1812?
1880
In base 14, what is 38b32 + -47?
38ac9
In base 5, what is 23232 - -2003?
30240
In base 4, what is 1200 - -110222302112?
110222303312
In base 11, what is 8 + 158810?
158818
In base 9, what is 805 + -1608?
-703
In base 13, what is -84 - -5540?
5489
In base 13, what is -19c107 + 3b?
-19c099
In base 12, what is -109b + -1786?
-2865
In base 10, what is -160191363 - 3?
-160191366
In base 14, what is -395d3c - 5?
-395d43
In base 2, what is 111101 + -10000111011110?
-10000110100001
In base 14, what is -5bad04 + 2a?
-5bacb8
In base 16, what is 3c - 399ff?
-399c3
In base 10, what is -14 + 22391051?
22391037
In base 15, what is -4 + -7a83967?
-7a8396b
In base 9, what is -7427 - -704?
-6623
In base 6, what is -305400 + 220011?
-45345
In base 3, what is 12011201202021010 + -1?
12011201202021002
In base 3, what is -202 + -11002110121020?
-11002110121222
In base 12, what is -1631 - -61464?
5ba33
In base 11, what is 111537 + 17?
111553
In base 10, what is -3105685 - 46?
-3105731
In base 13, what is -95 - -193c4?
1932c
In base 15, what is 1239 - ec29?
-d9e0
In base 2, what is 100110101 - 101010010001?
-100101011100
In base 7, what is -1013304 - 20?
-1013324
In base 4, what is 2332222 + 2233323?
11232211
In base 4, what is 3001 - -3103130?
3112131
In base 9, what is 13731 + -37883?
-24152
In base 3, what is -11 - -102220220121010002?
102220220121002221
In base 11, what is -620234 + 5?
-62022a
In base 7, what is -24513 + -3416?
-31232
In base 4, what is 11122 - 3320123?
-3303001
In base 12, what is 3 - 840330?
-840329
In base 10, what is -1019 + -40987?
-42006
In base 7, what is 260 - -610515?
611105
In base 14, what is 87a80 - 22?
87a5c
In base 3, what is -1012010100 + 122021?
-1011111002
In base 9, what is -1441 - -187?
-1243
In base 6, what is -11 - -1434324301?
1434324250
In base 14, what is 634 - -65ab9?
6630d
In base 13, what is -374ac1c - 3?
-374ac22
In base 7, what is -2 + -2041111151?
-2041111153
In base 16, what is 561dc + 5?
561e1
In base 7, what is 3344520 + -510?
3344010
In base 11, what is -a50 + -3563?
-4503
In base 9, what is -50 - -311258?
311208
In base 16, what is 2d49 + c58?
39a1
In base 12, what is 34 + -186883?
-18684b
In base 2, what is -1001 - 11011100111001111111?
-11011100111010001000
In base 4, what is 1 + -201002300000?
-201002233333
In base 10, what is 121 + -41427?
-41306
In base 15, what is -4a + 17678?
1762d
In base 13, what is -5 + -228327b1?
-228327b6
In base 5, what is -3412 + -104412?
-113324
In base 14, what is 13cbcdc + -c?
13cbcd0
In base 10, what is 4368733 - -4?
4368737
In base 16, what is b9e15 + -103?
b9d12
In base 14, what is -3390 - c7c?
-422c
In base 14, what is -db + 79cd23?
79cc26
In base 11, what is -38173822 - -2?
-38173820
In base 11, what is 14 - -863a55?
863a69
In base 15, what is -3d76a - 6?
-3d771
In base 6, what is -32113145 - 3?
-32113152
In base 10, what is -216 - 2446?
-2662
In base 7, what is -616610 + 53?
-616524
In base 15, what is -6ba7 - 4d?
-6c05
In base 14, what is 1 - 21c15a?
-21c159
In base 11, what is 3439a - 2?
34398
In base 3, what is 211212 + -201122111011?
-201121122022
In base 2, what is 100110100000011010110 - -1?
100110100000011010111
In base 2, what is 1010010000101010100110011000 + 100?
1010010000101010100110011100
In base 9, what is 1 + -6028538?
-6028537
In base 16, what is f - 26afe7b?
-26afe6c
In base 8, what is 3301 + 15336?
20637
In base 12, what is 2643668 + -7?
2643661
In base 5, what is -1321243034231 + 3?
-1321243034223
In base 6, what is 235 + 5020243?
5020522
In base 9, what is -77357 + -265?
-77633
In base 8, what is 26107 + -144620?
-116511
In base 3, what is -2 + -11211200011122120?
-11211200011122122
In base 11, what is -1151446168 + -2?
-115144616a
In base 4, what is -12023103111 - -21031?
-12023022020
In base 2, what is 11001011111000000 - -1111?
11001011111001111
In base 12, what is -2bb2 + 20b0?
-b02
In base 12, what is -2b7310 - -238?
-2b7094
In base 8, what is 67 + -47424?
-47335
In base 12, what is 164a6 - 6a1?
15a05
In base 5, what is -1044231443401 - 2?
-1044231443403
In base 3, what is 102100220210100222 + 2?
102100220210101001
In base 4, what is 1011 - -3121210332?
3121212003
In base 7, what is 6 + 13452511?
13452520
In base 12, what is -112163 + -1b?
-112182
In base 7, what is -12 - -101516331?
101516316
In base 7, what is -2 - 205634125?
-205634130
In base 9, what is -5 - 2618565?
-2618571
In base 3, what is 112012110112212 - -12?
112012110120001
In base 7, what is -64 - 35323332?
-35323426
In base 10, what is 121015 + -262?
120753
In base 15, what is -4d - 1b75?
-1bc3
In base 7, what is -3262401 + -324?
-3263025
In base 2, what is -11011010011101111000001 - -100100?
-11011010011101110011101
In base 2, what is -11000 - 1001100010011010011?
-1001100010011101011
In base 13, what is 1 + -5943a2b?
-5943a2a
In base 7, what is 20634 + 11500?
32434
In base 2, what is -11011001001 - 111111010000110?
-1000010101001111
In base 2, what is -110110010110011110 + -10000?
-110110010110101110
In base 14, what is -5 - 131a04?
-131a09
In base 9, what is 12618825 - -21?
12618846
In base 6, what is 0 - 15341350555?
-15341350555
In base 4, what is 23 + -32030111012?
-32030110323
In base 4, what is -2331232 + -1333211?
-10331103
In base 14, what is -3c47074 + 13?
-3c47061
In base 11, what is -150001 + -76?
-150077
In base 3, what is -100200102211 + 1222000?
-100121110211
In base 15, what is 25 - -25e0a?
25e30
In base 14, what is -30 + -6a2d0?
-6a320
In base 5, what is 2300341402 - 1?
2300341401
In base 4, what is 0 - 31213032123321?
-31213032123321
In base 13, what is -2 + -13ac26b?
-13ac270
In base 15, what is -8 + b7d17d?
b7d175
In base 3, what is -20 + -21210122001202?
-21210122001222
In base 3, what is -20200102220002 + -12?
-20200102220021
In base 7, what is -66 - -2245525?
2245426
In base 9, what is -13 - 66302805?
-66302818
In base 5, what is -3121 - 12434310?
-12442431
In base 13, what is -2989540 + -4?
-2989544
I